{"id":17,"date":"2020-08-13T11:04:12","date_gmt":"2020-08-13T09:04:12","guid":{"rendered":"http:\/\/naitre-mieux-etre.be\/?page_id=17"},"modified":"2022-08-12T15:28:21","modified_gmt":"2022-08-12T13:28:21","slug":"accueil","status":"publish","type":"page","link":"https:\/\/naitre-mieux-etre.be\/","title":{"rendered":"Accueil"},"content":{"rendered":"\n<p>Le monde est une multitude de syst\u00e8mes, la famille \u00e9galement et chaque individu a sa propre carte du monde, ses valeurs, ses comp\u00e9tences et ses ressources &#8230;<\/p>\n\n\n\n<p>Partir \u00e0 la (re)d\u00e9couverte de cela,  dans l&rsquo;ici et maintenant, cheminer ensemble et trouver un sens, une direction pour continuer \u00e0 avancer, \u00e0 accueillir ce qui est (m\u00eame si parfois c&rsquo;est plus compliqu\u00e9), chercher des solutions ou choisir la compr\u00e9hension, l&rsquo;acceptation, tendre vers la s\u00e9r\u00e9nit\u00e9, dire merci au vivant, \u00e0 ce qui nous entoure, quelle aventure, quel cadeau \u00e0 soi&#8230;<\/p>\n","protected":false},"excerpt":{"rendered":"<p>Le monde est une multitude de syst\u00e8mes, la famille \u00e9galement et chaque individu a sa propre carte du monde, ses valeurs, ses comp\u00e9tences et ses ressources &#8230; Partir \u00e0 la (re)d\u00e9couverte de cela, dans l&rsquo;ici et maintenant, cheminer ensemble et trouver un sens, une direction pour continuer \u00e0 avancer, \u00e0 accueillir ce qui est (m\u00eame &hellip; <\/p>\n<p class=\"link-more\"><a href=\"https:\/\/naitre-mieux-etre.be\/\" class=\"more-link\">Continuer la lecture<span class=\"screen-reader-text\"> de &laquo;&nbsp;Accueil&nbsp;&raquo;<\/span><\/a><\/p>\n","protected":false},"author":1,"featured_media":0,"parent":0,"menu_order":0,"comment_status":"closed","ping_status":"closed","template":"","meta":[],"_links":{"self":[{"href":"https:\/\/naitre-mieux-etre.be\/index.php?rest_route=\/wp\/v2\/pages\/17"}],"collection":[{"href":"https:\/\/naitre-mieux-etre.be\/index.php?rest_route=\/wp\/v2\/pages"}],"about":[{"href":"https:\/\/naitre-mieux-etre.be\/index.php?rest_route=\/wp\/v2\/types\/page"}],"author":[{"embeddable":true,"href":"https:\/\/naitre-mieux-etre.be\/index.php?rest_route=\/wp\/v2\/users\/1"}],"replies":[{"embeddable":true,"href":"https:\/\/naitre-mieux-etre.be\/index.php?rest_route=%2Fwp%2Fv2%2Fcomments&post=17"}],"version-history":[{"count":7,"href":"https:\/\/naitre-mieux-etre.be\/index.php?rest_route=\/wp\/v2\/pages\/17\/revisions"}],"predecessor-version":[{"id":189,"href":"https:\/\/naitre-mieux-etre.be\/index.php?rest_route=\/wp\/v2\/pages\/17\/revisions\/189"}],"wp:attachment":[{"href":"https:\/\/naitre-mieux-etre.be\/index.php?rest_route=%2Fwp%2Fv2%2Fmedia&parent=17"}],"curies":[{"name":"wp","href":"https:\/\/api.w.org\/{rel}","templated":true}]}}